{"id":7,"date":"2016-06-03T15:12:01","date_gmt":"2016-06-03T13:12:01","guid":{"rendered":"http:\/\/www.delank.com\/delank\/?page_id=7"},"modified":"2023-02-09T18:28:50","modified_gmt":"2023-02-09T17:28:50","slug":"der-kunstraum","status":"publish","type":"page","link":"http:\/\/www.delank.com\/delank\/der-kunstraum\/","title":{"rendered":"Art Space"},"content":{"rendered":"<p>Mit der Er\u00f6ffnung des Sachverst\u00e4ndigenb\u00fcros f\u00fcr alte und zeitgen\u00f6ssische ostasiatische Kunst entwickelte sich die Galerie Claudia Delank in einen Art Space, in dem Ausstellungen, Lesungen und Konzerte die Arbeit des B\u00fcros erg\u00e4nzen. Die R\u00e4ume befinden sich in dem Haus in der Bleibtreustra\u00dfe, in dem der j\u00fcdische Kunsth\u00e4ndler und Verleger Alfred Flechtheim von 1923 bis 1933 wohnte und seine Galerie betrieb. In den historisch so bedeutenden Berliner R\u00e4umen werden Authentizit\u00e4t einerseits und Zeitgenossenschaft in der aktuellen Kunst andererseits zum Thema (s. Ausstellungen).<\/p>\n","protected":false},"excerpt":{"rendered":"<p>Mit der Er\u00f6ffnung des Sachverst\u00e4ndigenb\u00fcros f\u00fcr alte und zeitgen\u00f6ssische ostasiatische Kunst entwickelte sich die Galerie Claudia Delank in einen Art Space, in dem Ausstellungen, Lesungen und Konzerte die Arbeit des B\u00fcros erg\u00e4nzen. Die R\u00e4ume befinden sich in dem Haus in der Bleibtreustra\u00dfe, in dem der j\u00fcdische Kunsth\u00e4ndler und Verleger Alfred Flechtheim von 1923 bis 1933&hellip; <a class=\"more-link\" href=\"http:\/\/www.delank.com\/delank\/der-kunstraum\/\"><span class=\"screen-reader-text\">Art Space<\/span> weiterlesen <span class=\"meta-nav\" aria-hidden=\"true\">&rarr;<\/span><\/a><\/p>\n","protected":false},"author":1,"featured_media":0,"parent":0,"menu_order":0,"comment_status":"closed","ping_status":"closed","template":"right-column-page.php","meta":[],"_links":{"self":[{"href":"http:\/\/www.delank.com\/delank\/wp-json\/wp\/v2\/pages\/7"}],"collection":[{"href":"http:\/\/www.delank.com\/delank\/wp-json\/wp\/v2\/pages"}],"about":[{"href":"http:\/\/www.delank.com\/delank\/wp-json\/wp\/v2\/types\/page"}],"author":[{"embeddable":true,"href":"http:\/\/www.delank.com\/delank\/wp-json\/wp\/v2\/users\/1"}],"replies":[{"embeddable":true,"href":"http:\/\/www.delank.com\/delank\/wp-json\/wp\/v2\/comments?post=7"}],"version-history":[{"count":21,"href":"http:\/\/www.delank.com\/delank\/wp-json\/wp\/v2\/pages\/7\/revisions"}],"predecessor-version":[{"id":802,"href":"http:\/\/www.delank.com\/delank\/wp-json\/wp\/v2\/pages\/7\/revisions\/802"}],"wp:attachment":[{"href":"http:\/\/www.delank.com\/delank\/wp-json\/wp\/v2\/media?parent=7"}],"curies":[{"name":"wp","href":"https:\/\/api.w.org\/{rel}","templated":true}]}}